ousands digit of 616223?
6
What is the millions digit of 1908053?
1
What is the hundred thousands digit of 131359?
1
What is the tens digit of 492986?
8
What is the tens digit of 416890?
9
What is the hundreds digit of 21877664?
6
What is the thousands digit of 312578?
2
What is the units digit of 16103667?
7
What is the tens digit of 17117?
1
What is the millions digit of 1554187?
1
What is the units digit of 341724?
4
What is the hundreds digit of 228179?
1
What is the hundreds digit of 8112194?
1
What is the thousands digit of 35588158?
8
What is the millions digit of 10108921?
0
What is the hundreds digit of 663978?
9
What is the tens digit of 509167?
6
What is the tens digit of 4404883?
8
What is the hundreds digit of 541042?
0
What is the hundred thousands digit of 11505635?
5
What is the hundred thousands digit of 956608?
9
What is the thousands digit of 8181110?
1
What is the hundred thousands digit of 2728778?
7
What is the hundreds digit of 2233929?
9
What is the thousands digit of 210084?
0
What is the hundreds digit of 956016?
0
What is the hundred thousands digit of 3616683?
6
What is the units digit of 9111498?
8
What is the hundred thousands digit of 10799120?
7
What is the hundred thousands digit of 224377?
2
What is the thousands digit of 1802135?
2
What is the ten millions digit of 16567560?
1
What is the units digit of 399693?
3
What is the units digit of 4330297?
7
What is the ten thousands digit of 494837?
9
What is the tens digit of 4753821?
2
What is the tens digit of 2116350?
5
What is the units digit of 627077?
7
What is the ten millions digit of 12046071?
1
What is the thousands digit of 1096555?
6
What is the tens digit of 258425?
2
What is the thousands digit of 37802?
7
What is the hundreds digit of 1710049?
0
What is the hundred thousands digit of 109926?
1
What is the millions digit of 1713033?
1
What is the ten thousands digit of 311075?
1
What is the hundred thousands digit of 2499286?
4
What is the tens digit of 962769?
6
What is the ten thousands digit of 213920?
1
What is the ten thousands digit of 20023114?
2
What is the units digit of 271010?
0
What is the ten thousands digit of 1717416?
1
What is the thousands digit of 2519461?
9
What is the hundreds digit of 949607?
6
What is the hundreds digit of 335446?
4
What is the hundred thousands digit of 1409416?
4
What is the tens digit of 134476?
7
What is the units digit of 1207515?
5
What is the tens digit of 295195?
9
What is the tens digit of 93217?
1
What is the hundred thousands digit of 7049539?
0
What is the hundred thousands digit of 5982052?
9
What is the tens digit of 12440339?
3
What is the tens digit of 881564?
6
What is the hundreds digit of 1282750?
7
What is the units digit of 486664?
4
What is the hundreds digit of 5893747?
7
What is the tens digit of 3035267?
6
What is the ten thousands digit of 6651046?
5
What is the thousands digit of 1259120?
9
What is the ten thousands digit of 8247787?
4
What is the hundreds digit of 4249?
2
What is the millions digit of 6248893?
6
What is the hundreds digit of 15024851?
8
What is the tens digit of 17052?
5
What is the hundreds digit of 1936666?
6
What is the hundred thousands digit of 21922956?
9
What is the hundreds digit of 436645?
6
What is the hundreds digit of 18379?
3
What is the tens digit of 396554?
5
What is the ten thousands digit of 129240?
2
What is the thousands digit of 10949501?
9
What is the hundreds digit of 86725?
7
What is the units digit of 5704972?
2
What is the hundred thousands digit of 3209360?
2
What is the ten thousands digit of 671497?
7
What is the hundred thousands digit of 4778832?
7
What is the ten thousands digit of 182279?
8
What is the tens digit of 3136779?
7
What is the tens digit of 2517609?
0
What is the tens digit of 1813898?
9
What is the units digit of 114994?
4
What is the hundreds digit of 258053?
0
What is the hundred thousands digit of 4056901?
0
What is the hundred thousands digit of 5700455?
7
What is the tens digit of 7119768?
6
What is the millions digit of 2964654?
2
What is the millions digit of 2267241?
2
What is the units digit of 8932356?
6
What is the thousands digit of 1180467?
0
What is the tens digit of 64788?
8
What is the tens digit of 856317?
1
What is the hundred thousands digit of 4314443?
3
What is the hundred thousands digit of 17541074?
5
What is the tens digit of 111676?
7
What is the hundred thousands digit of 315251?
3
What is the ten thousands digit of 450812?
5
What is the ten thousands digit of 14392687?
9
What is the hundred thousands digit of 191390?
1
What is the hundreds digit of 34778570?
5
What is the units digit of 462583?
3
What is the hundreds digit of 542792?
7
What is the hundred thousands digit of 196093?
1
What is the hundreds digit of 9160596?
5
What is the ten thousands digit of 957708?
5
What is the units digit of 332309?
9
What is the ten thousands digit of 28986?
2
What is the hundred thousands digit of 394233?
3
What is the tens digit of 11464389?
8
What is the ten thousands digit of 587522?
8
What is the units digit of 361716?
6
What is the thousands digit of 3787291?
7
What is the units digit of 2562724?
4
What is the hundred thousands digit of 1473392?
4
What is the thousands digit of 170049?
0
What is the hundreds digit of 8700983?
9
What is the units digit of 5929797?
7
What is the hundreds digit of 3945379?
3
What is the thousands digit of 147793?
7
What is the hundreds digit of 2627210?
2
What is the millions digit of 1057643?
1
What is the thousands digit of 457096?
7
What is the thousands digit of 1469925?
9
What is the thousands digit of 1209034?
9
What is the hundred thousands digit of 479049?
4
What is the thousands digit of 833055?
3
What is the hundred thousands digit of 3983366?
9
What is the thousands digit of 11049081?
9
What is the hundred thousands digit of 1158516?
1
What is the hundred thousands digit of 1222246?
2
What is the ten thousands digit of 961744?
6
What is the tens digit of 256496?
9
What is the units digit of 711075?
5
What is the tens digit of 1799482?
8
What is the hundred thousands digit of 1689104?
6
What is the ten thousands digit of 1392385?
9
What is the hundreds digit of 1170925?
9
What is the hundreds digit of 7782088?
0
What is the hundreds digit of 1026320?
3
What is the millions digit of 9659052?
9
What is the ten thousands digit of 806754?
0
What is the units digit of 507096?
6
What is the hundred thousands digit of 198382?
1
What is the thousands digit of 607182?
7
What is the ten thousands digit of 2546902?
4
What is the ten millions digit of 24061105?
2
What is the ten thousands digit of 92963?
9
What is the hundred thousands digit of 7073495?
0
What is the millions digit of 7531280?
7
What is the tens digit of 348509?
0
What is the tens digit of 298609?
0
What is the thousands digit of 482558?
2
What is the ten thousands digit of 2286032?
8
What is the units digit of 3879266?
6
What is the hundreds digit of 514237?
2
What is the ten thousands digit of 240450?
4
What is the ten thousands digit of 5391279?
9
What is the thousands digit of 298715?
8
What is the thousands digit of 94090?
4
What is the ten thousands digit of 23739537?
3
What is the hundred thousands digit of 3740836?
7
What is the thousands digit of 875535?
5
What is the tens digit of 3316705?
0
What is the thousands digit of 1402804?
2
What is the units digit of 43413?
3
What is the thousands digit of 13101270?
1
What is the thousands digit of 325032?
5
What is the units digit of 5141482?
2
What is the thousands digit of 1893902?
3
What is the tens digit of 395968?
6
What is the thousands digit of 404408?
4
What is the thousands digit of 2538099?
8
What is the tens digit of 5532599?
9
What is the millions digit of 3024794?
3
What is the hundred thousands digit of 627868?
6
What is the thousands digit of 375729?
5
What is the thousands digit of 174629?
4
What is the tens digit of 2245084?
8
What is the ten thousands digit of 4524134?
2
What is the thousands digit of 516838?
6
What is the tens digit of 2855698?
9
What is the ten thousands digit of 178304?
7
What is the units digit of 695223?
3
What is the units digit of 382468?
8
What is the ten thousands digit of 1497795?
9
What is the thousands dig